5 = 0. What is the hundreds digit of r?
9
Let z = -19 + 21. Let g be z*(-3)/12*-158. Let o = g + -46. What is the tens digit of o?
3
What is the hundreds digit of (-3)/((-15)/7460) - 1?
4
What is the hundreds digit of (-72)/(-54) - 3598/(-6)?
6
Suppose 5*f + 14 = 4*b - 6870, 5*f - 3442 = -2*b. What is the tens digit of b?
2
Suppose 0 = 2*s + 2, 4*s = -u - 451 + 2534. What is the tens digit of u?
8
Suppose -2*s + 6838 = -5*w, 3*s + 22*w = 18*w + 10303. What is the tens digit of s?
2
Let q = -37 - -19. Let f be (-1 + q)/((-9)/45). Suppose -4*h + 21 = -a - 114, -2*h = 5*a - f. What is the units digit of h?
5
Let p be (-70)/(-8) - (-3)/12. Suppose 3*u = 2*n + 27, 4*u - p = 2*n + 25. Let o = 4 + u. What is the units digit of o?
1
Suppose 0 = 6*w - 2*w - 5*n + 18, -4*w = n + 6. What is the hundreds digit of 2/w*0 + 118 + 2?
1
What is the units digit of 42 - 36 - -342*(-15)/(-6)?
1
Suppose 2*h = 3*d - 740 - 47, 4*d - 1048 = 2*h. Suppose d = 30*n - 27*n. What is the tens digit of n?
8
Suppose -19*m + 17*m = -418. Suppose -4*y + m = 41. What is the tens digit of y?
4
Let r(z) = 2*z**2 + 8*z - 15. Let v be r(12). Let a = 557 - v. What is the tens digit of a?
8
Let o = -6 - -28. What is the units digit of o?
2
Let j(u) = -180*u + 3. Let w be j(-1). Suppose -y = -4*y + w. What is the tens digit of y?
6
Let q(r) = -r**3 - 15*r**2 - 13*r + 14. Let y be q(-14). Suppose -7*b + 3*b + 28 = y. Suppose 132 = -f + b*f. What is the tens digit of f?
2
What is the units digit of (-3)/2*9706/(-23)?
3
What is the tens digit of ((-189)/(-36) - (-1)/(-4)) + 67?
7
Let k(r) be the first derivative of 3*r**2/2 + 13*r + 1. Let q be ((-12)/1)/(1 + -2). What is the units digit of k(q)?
9
Suppose 5*v - p = 7*v - 443, -3*v + 657 = 3*p. Let m = 411 - v. What is the units digit of m?
7
Let m = 17 + -12. Suppose m*k = 3*k + 14. Let a = 24 - k. What is the tens digit of a?
1
Suppose -66 = 2*a - 13*a. What is the hundreds digit of (-3365)/(-15) + a - (-2)/(-6)?
2
Let g = 13 - 7. Let s be -2*((-21)/g + -3). Let f = s - 4. What is the units digit of f?
9
Let v be 2/9 - (-21)/27. Let o(d) = 4*d + 6*d + v - 5*d. What is the units digit of o(2)?
1
Suppose 0 = -12*a + 827 + 421. What is the units digit of a?
4
Let y be 20*(-4)/((-32)/(-6)). Let b be (8/(-10))/(3/y). Suppose 105 = b*f - 39. What is the units digit of f?
6
Let g(k) be the first derivative of -k**4/4 + 8*k**3/3 - 5*k**2/2 + 10*k - 16. What is the tens digit of g(5)?
6
Let r(h) = 11*h - 19*h + 2*h + 8. What is the units digit of r(-10)?
8
What is the tens digit of 3 - (4 + -3) - -781?
8
Let p = -131 - -334. What is the units digit of p?
3
Let r(f) = -5*f**2 + 9*f**2 + 5 - 16*f - 5*f**2. Let j be 14/8*20/(-5). What is the tens digit of r(j)?
6
Suppose -2*g = -5*g - 4*h + 20, 5*g - 4*h = -20. What is the hundreds digit of (6/(-5) - g)/(3/(-410))?
1
Let x be (0 - 0)*(-8)/16. Let u = 5 - 3. Suppose 5*b - 2*c - 37 = x, 0*b - 4*c - 18 = -u*b. What is the units digit of b?
7
Suppose 885 = 2*j - 3*h, 1119 + 228 = 3*j + 2*h. What is the units digit of j?
7
What is the thousands digit of (-752 + 0)/(-2)*26/8?
1
Suppose u = 6*o - o - 4455, -3*o + 2651 = -5*u. What is the tens digit of o?
9
Suppose -60 = -22*v + 21*v. What is the units digit of 1 + (-1 - -1) + v?
1
Suppose -1797 = -5*n + a, -5*n + 0*a + 1812 = 4*a. What is the units digit of n?
0
Suppose 5*r - 33 = 4*r. Suppose -3*s = -3*q + 3, -r = -3*q - 5*s - 6. Suppose 105 = 5*v - 0*l - 5*l, -q*v = -l - 99. What is the tens digit of v?
2
Let n = 139 - 135. Suppose n*l - x - 704 = 0, -581 = -5*l + 5*x + 314. What is the tens digit of l?
7
Suppose 113*q = 119*q - 1200. What is the tens digit of q?
0
Let k(m) = 17 - 5*m - 4 + m**2 - 4*m. What is the units digit of k(9)?
3
What is the hundreds digit of ((-411)/(-6))/((-38)/(-1444))?
6
Let g = 334 + -92. What is the tens digit of g?
4
What is the hundreds digit of (0 - 69*(-2)/9)*27?
4
Let i(h) = h**2 - 7*h - 10. Let c be i(-3). Suppose -5*p - 5 = -4*v - 3, p - 3*v + 7 = 0. Suppose 2*f + p = c. What is the units digit of f?
9
Suppose -10457 + 307 = -5*g. Suppose r = -9*r + g. What is the tens digit of r?
0
Let j(y) be the first derivative of 2*y**3/3 + 13*y**2/2 + 35*y - 19. What is the tens digit of j(-7)?
4
Let q(l) = l**2 - 8*l - 12. Let f be q(-28). Suppose -7*v + 11*v - f = 0. What is the tens digit of v?
4
Let x be 0 - (-21)/3 - 3. Suppose 0*j - x*j = -96. What is the tens digit of j?
2
Let x = -16 + 20. Suppose -2 = -5*k + x*n + 10, 5*n = 10. Suppose k*q - 160 = -q. What is the tens digit of q?
3
What is the tens digit of 5/(30/3336) + -6?
5
Let d be 32*2/(-2) + (-16)/8. What is the hundreds digit of (-5 - 13)*d/6?
1
Let v = 44 + 6. Let i be (-10)/v - 6/(-5). What is the tens digit of -8 + 31 + i + 1?
2
What is the tens digit of 8 + -5 + -1 + 476?
7
Let l(h) = 186*h + 18. Let g be l(12). Suppose -8*m - m + g = 0. What is the hundreds digit of m?
2
What is the hundreds digit of (-5284)/(-6)*((9 - -8) + -14)?
6
Let p(b) = 2*b - 12. Let i be (-16 - -17)/((-2)/(-20)). Let r be p(i). Let o = r - -2. What is the tens digit of o?
1
Let b(x) = x**3 - 11*x**2 - 20*x + 4. Suppose -i + 25 = 4*l, 28 = 3*i - 2*i + 5*l. What is the tens digit of b(i)?
8
Suppose 2*c - 1584 = -528. What is the hundreds digit of c?
5
Let d = 10 - 6. Let c(b) be the second derivative of b**4/12 - b**3/3 - 2*b**2 + b. What is the units digit of c(d)?
4
Let k(o) = -2*o**3 + 2*o**2 - 1. Let i be k(1). What is the units digit of (-10 - -8)*(-3 - i)?
4
Let c(q) = -140*q - 121. What is the tens digit of c(-4)?
3
Let o be (-2)/(-2) - (-264 + 15). Suppose -4*m - o = 194. Let l = -64 - m. What is the units digit of l?
7
Suppose -36*z + 23*z = -4329. What is the units digit of z?
3
Suppose 11*z = 2*z + 18189. What is the hundreds digit of z?
0
Suppose -26*p + 7280 = -9490. What is the units digit of p?
5
What is the thousands digit of 12/(-10)*(159780/(-45) - 1)?
4
Suppose 0 = -m + 2*v - 9, 3 = -m + 4*m + 4*v. Let c be 3/((-4)/12*m). Suppose -37 = -c*x + 5. What is the units digit of x?
4
What is the tens digit of -9*124/(-18)*(-9)/(-6)?
9
Suppose -2*u = -14*u + 57468. What is the tens digit of u?
8
Suppose 5 = -s + 9. Suppose s*l - l = -210. Let a = 125 + l. What is the tens digit of a?
5
Suppose 50 = -o - 16. What is the tens digit of ((-2)/(-4))/((o/288)/(-11))?
2
Suppose -2*m - 8 = 34. Let x(g) = -g + 38. What is the tens digit of x(m)?
5
Let x = -772 + 1217. What is the tens digit of x?
4
Let g(x) be the second derivative of -x**5/24 - 13*x**4/24 - x**3/2 + 4*x. Let q(d) be the second derivative of g(d). What is the tens digit of q(-7)?
2
Suppose -j + 3*k = 19, -4*k + 25 = -2*j - 3. Let s be j/(-8)*2*4. Let y(m) = 3*m - 2. What is the tens digit of y(s)?
1
Let w be (-4)/(-22)*55/5. What is the tens digit of (15/(-6))/5*w*-39?
3
Let d(m) = 7*m + 1. Let s be d(1). Suppose 0 = f + 3*x + 12, -x = 4*f + 3*x + 16. What is the units digit of f - (8/2 - s)?
4
Suppose 142 = 2*n - 0*n - 5*w, n - 5*w - 76 = 0. Let d = n + -39. What is the units digit of d?
7
Let i be 22/(-6)*13/((-39)/(-54)). Let v = -22 - i. What is the units digit of v?
4
Suppose 13*k - 35 = 18*k. What is the units digit of (1 - 2)/(k/371) - 4?
9
Let j = 434 + -96. What is the tens digit of j?
3
Suppose 2*v - 4*z = 4208, 8*v - 12*v = z - 8389. What is the hundreds digit of v?
0
Let d be 4 + 3/(12/(-40)). Let r(y) = -17*y + 5. What is the hundreds digit of r(d)?
1
Suppose -3*t - 13 = 4*v - 8*t, 4*t - 5 = 5*v. What is the units digit of ((-260)/16)/(v/(-12))?
5
Suppose 2*z - z + 4*j = 50, 2*z + 3*j = 125. Let d = z - 99. Let q = -12 - d. What is the tens digit of q?
1
Let o = 49 + -50. Let t = o - -43. What is the units digit of t?
2
Let t = 891 + -482. Suppose 6*l - 125 - t = 0. What is the units digit of l?
9
Let r(t) = -2*t**2 + 9*t + t**3 - 8*t**2 - 11 + 2*t**2. What is the tens digit of r(8)?
6
Let s = -23 - -28. Let k(n) = n**3 - 2*n**2 - 5*n + 5. What is the tens digit of k(s)?
5
Suppose -4*w - 4*b + 264 = 0, 2*b = 4*b + 4. Let p = 227 - w. Let l = p - 113. What is the units digit of l?
6
Let d(j) be the third derivative of 9*j**6/8 + j**4/24 - j**3/3 + 7*j**2. What is the hundreds digit of d(1)?
1
Let y(d) = d**3 - 14*d**2 - 14*d - 14. Let k be y(15). Let q = 24 + k. What is the tens digit of q?
2
Let f